3*g - 4 + 3*g**2 + 1. Calculate f(r).
-6
Let a(i) = i**2 + i + 6. Suppose 6*p = 34*p. Give a(p).
6
Let i(w) = -3*w + 2. Let s = -202 + 207. Determine i(s).
-13
Let t(w) = -2819*w**3 + 10*w - 8 - 6*w**2 + 5645*w**3 - 2825*w**3. Calculate t(4).
0
Suppose -3*q - q - 3 = -3*d, 5*d = -5*q + 40. Let w(z) = -3*z + 11. Calculate w(d).
-4
Let z(c) be the first derivative of -c**2/2 - 5*c - 1. Let u be (12/(-10))/(1/((-10)/(-3))). Let f be 27/(-36)*(-2 + -1)*u. Calculate z(f).
4
Suppose 3*j - 7 = 11. Let p(f) = -4*f**2 - 5*f - 6. Let k(m) = m + 3*m - 3*m - 31*m**3 - m**2 + 32*m**3. Let u(x) = -k(x) - p(x). Give u(j).
-6
Let s = -15 + 21. Let q(b) = b**2 - 6*b + 3. Let y be q(s). Let j(h) = 0*h**2 + 3*h + 3 + h**3 - 2*h - 4*h**2. Determine j(y).
-3
Let m(a) = 4*a**2 + 11*a - 5*a + 5 + 10*a**3 - 21*a**3 + 10*a**3. Let z = 23 - 24. Let f be -2 + z + 9 - 1. What is m(f)?
10
Suppose 39*b - 36*b = -5*h + 6, 8 = 4*b - 3*h. Let f(d) = 3*d**3 - 3*d**2 + 3*d - 3. Calculate f(b).
15
Let s(j) = -1. Let g(v) = 2*v + 2. Let c(f) = g(f) + s(f). Suppose 2*m + 2 = 3*m. Suppose -3*w - 15 = -5*r, m*r = -r + w + 9. Determine c(r).
7
Let v(j) = -28*j + 6. Let z(q) = -9*q + 2. Let w(d) = -2*v(d) + 7*z(d). Determine w(-1).
9
Let z be (-12)/(-18)*6/4. Let b(m) be the second derivative of 3*m**5/20 - m**4/6 + m**3/3 - m**2/2 - m. Calculate b(z).
2
Let q(m) be the second derivative of m**5/20 - 7*m**4/12 + 7*m**3/6 - 2*m**2 - m. Suppose 4*o = 889 - 313. Let y = o + -138. Determine q(y).
2
Let h(m) = m**3 - 4*m**2 - 5*m - 5. Let p be h(5). Let v(k) = -6 + 11 - k**2 - 4*k + 2. Calculate v(p).
2
Let n(b) = -b + 7. Let w be n(11). Let m(t) = -2*t - 2. Let x be m(-2). Let c(a) = -2*a + 4*a - 5*a + x*a. What is c(w)?
4
Let f(g) be the second derivative of 29*g**3/6 + g**2/2 + 2*g - 95. Give f(-1).
-28
Let a(x) = 3 + 25*x**3 - 6*x**3 - 10*x**2 - 8*x**3 - 10*x**3 - x. Calculate a(10).
-7
Let j(w) be the third derivative of w**4/24 + w**3/6 + w**2 - 133. What is j(-4)?
-3
Suppose 8*u - 139 = 3*u - 3*m, 5*m + 89 = 4*u. Let j be 74/u - 2/(-13). Let q(s) be the first derivative of 5*s**2/2 + s - 12. Determine q(j).
16
Let q(h) = -2*h. Suppose -2*u = -5*u. Suppose j - 25 = -u*j - 5*f, -3*j = -2*f - 7. Suppose j*n - 4*n = -6. Give q(n).
12
Let f(x) be the third derivative of -5*x**4/24 + 17*x**3/3 - 4*x**2 + 45. Give f(8).
-6
Let f = 413 - 412. Let l(g) = 8*g**3 - 5*g - 2. Let w(k) = 24*k**3 - 14*k - 5. Let d(q) = -8*l(q) + 3*w(q). Calculate d(f).
7
Let l(k) = -2*k**3 - k**2 - k - 1. Let p(g) = -g**2 - 18*g + 22. Let d be p(-19). Suppose f - d = -4. Calculate l(f).
1
Suppose -8*c + 4*c + 3*g = -17, -11 = 2*c + 5*g. Let v(t) be the first derivative of t + 3 - 1/2*t**c. Calculate v(4).
-3
Suppose 0 = -0*b - b. Let o(q) = 0 - 6*q**2 + 3*q + 7*q**2 + 3 - 10*q + 6*q. Determine o(b).
3
Let o(n) = -5*n + 1. Let j(b) = -b - 1. Let f(m) = 4*j(m) - o(m). Suppose 2*l = -i - 11, -3*l - 13*i + 9*i = 24. Give f(l).
-9
Suppose 3*z + 9 = -6*z. Let c(n) = -20*n**2. Give c(z).
-20
Let w(g) = 2 - g - 3 - 2. Let f(p) = -2*p - 10. Let u be f(-6). Let o be ((-1)/u)/((-11)/66). Give w(o).
-6
Let t be 6/(-18) - 24/9. Let f(k) = 7*k**2 + 13*k - 14. Let s(y) = 4*y**2 + 7*y - 7. Let o(m) = t*f(m) + 5*s(m). Give o(-5).
2
Let a be (-3)/(4/(-16)*-1*-6). Let i be (-2 + -1)/(6*a/16). Let h(z) = 2*z + 2. Calculate h(i).
-6
Let y(q) = -4*q**3 + 11*q**2 - 2*q - 1. Let o(k) = -3*k**3 + 9*k**2 - 2*k - 2. Let l(z) = -3*o(z) + 2*y(z). Let n(j) = -2*j - 3. Let d be n(-3). Give l(d).
-8
Let k = 35 - 35. Suppose 2*j + k*u - 23 = -5*u, 4*j - 4*u = 4. Suppose j*w - 8 = -20. Let y(l) = l**3 + 4*l**2 + 2. Give y(w).
11
Let f(y) = y**2 - 24. Let z = 439 + -439. Determine f(z).
-24
Let r(l) = -l - 12. Let m = 743 + -757. Determine r(m).
2
Let s(o) be the first derivative of o**5/20 - o**4/2 - o**3/3 + 9*o**2/2 - 4*o + 1. Let j(m) be the first derivative of s(m). Determine j(6).
-3
Let y(j) = j**2 - j. Let a(z) = -z**2 - 6*z - 7. Let g(r) = -3*r + 19. Let k be g(7). Let u be a(k). What is y(u)?
0
Suppose h - 3*l - 7 = 0, -3*h - 3*l + 4*l = -5. Let w(f) = -2*f**3 - 9*f - 10*f**3 + 2*f**2 + 1 + 5*f**3 + f + 6*f. Calculate w(h).
-6
Let x be 2 + (19/7 - 14/(-49)). Suppose -4*n - 4*z = -6*z + 6, 4*n - z + x = 0. Let f(w) = -3*w**3 + w**2. Give f(n).
4
Let z(w) = -w + 1. Suppose -p = 2*m + 3*p - 4, -2*m - 32 = -5*p. Let k be (2/(-1))/(m/9). What is z(k)?
-2
Let x(n) be the second derivative of n**5/20 - n**4/2 + 2*n**3/3 - 5*n. Let t be x(5). Let a = t - -10. Let h(q) = q**2 - 7*q + 3. Calculate h(a).
-7
Let q(a) = a**2 - a - 5. Let m be -28 + -2 - 1 - (9 - 11). Let v = m + 29. Determine q(v).
-5
Let d(j) = j**2 + 2*j - 3. Let o be ((-42)/4 - -9)*(2 + 0). Determine d(o).
0
Let f(o) = 142*o + 135. Let d be f(-1). Let w(u) = -5*u**3 - 7*u**2 + 4*u**3 - 3 + 10. What is w(d)?
7
Let c(j) = j**2 - 4*j - 5. Let b be (-126)/(-24) - 2*(-3)/8. Give c(b).
7
Suppose -9*s = -4 - 23. Let v(a) = s - 4 + 10 + a + 0. Calculate v(-9).
0
Let f(z) = -37*z - 7 + 14*z + 3 + 36*z - 5. Determine f(1).
4
Let g(z) = 0 + 13 + z - 4. Calculate g(-5).
4
Let f(m) = -m**2 - 10*m - 9. Let i = 151 - 157. What is f(i)?
15
Let o(k) = k - 1. Let j be o(3). Let w = 0 - j. Let t(y) = -3*y**2 - y + 1. Calculate t(w).
-9
Let z(d) = d. Suppose 0 = 4*h - 3*a + 27, 5*h - 2*a = 3*a - 40. Let f = h + 7. What is z(f)?
4
Let b(i) = i**3 + 8*i**2 - i - 7. Suppose 250*w = 232*w - 144. What is b(w)?
1
Let i(u) be the first derivative of -u**3/3 - u**2/2 + 7*u + 1. Suppose -2*g - 12*w + 10*w - 10 = 0, -2*g = -2*w + 10. What is i(g)?
-13
Let s(i) = -i**2 - i - 2. Suppose 7*x = 12*x. Let r(b) = b**3 + b**2 + 3. Let y be r(x). Let z = y + -5. Give s(z).
-4
Let l(m) = -m + 10. Let r be (8 - (3 + 0))*1. Suppose -x = 4*h - 10, 0 = -r*x - 0*h + 5*h. Let g(f) = 2*f - 20. Let y(d) = x*g(d) + 5*l(d). Calculate y(6).
4
Let a(m) be the second derivative of m**5/60 + m**4/24 + m**3/3 + 5*m**2 - 6*m. Let j(v) be the first derivative of a(v). Determine j(3).
14
Let i(t) be the third derivative of t**5/60 + t**4/24 - 31*t**3/6 - 5*t**2 + 20*t. Determine i(0).
-31
Let m(z) = 13724*z**2 - 3 + 13723*z**2 + 2*z - 27445*z**2. Let o(v) = -3*v - 1. Let w be o(-1). Calculate m(w).
9
Let k be (-5 - -2)*8/(-4). Let a be (-24)/(-16)*8/k. Let b(x) = -x**3 - 26 + 0*x**2 + x + 28 - x**2. Give b(a).
-8
Let s(k) = k**2 - 6*k + 5. Let z be (-16)/6*(-11 + 8). Suppose -7*b - 4 = -z*b. Suppose -4*u + 5*m = -b, 4*u - m - 15 - 5 = 0. Determine s(u).
5
Let u(d) = 2*d**2 + 276*d - d**2 + 4 - 267*d. What is u(-8)?
-4
Let i(m) be the first derivative of -1/3*m**3 + 0*m - 1/24*m**4 - 10 + 1/15*m**5 + 0*m**2. Let u(h) be the third derivative of i(h). Calculate u(1).
7
Let x(n) = 3*n**2 + 2 - 4 - 10*n + 2*n. Let q(j) = 2*j**2 - 7*j - 1. Suppose 43*l + 15 = 38*l. Let k(m) = l*x(m) + 4*q(m). What is k(-4)?
2
Let n = 11 + -45. Let v = n - -36. Let t(k) = 2*k - 2 + v*k - 3*k. Determine t(0).
-2
Let h(b) = b - 3. Suppose 6*x - 759 = -231. Let t = -86 + x. What is h(t)?
-1
Let r(o) = -o**3 - 13*o**2 + 7*o - 9. Let c(m) = m**3 + 12*m**2 - 6*m + 8. Let h(f) = 7*c(f) + 6*r(f). Give h(-6).
2
Let r be -20*3/(-24)*2. Let o(k) = 7 - 4*k**3 + 3*k**3 - k + 0*k - r. Let v be 1*((-1 - -2) + -1). Calculate o(v).
2
Let u(r) = -r**3 + r**2 + 6*r + 1. Let i be u(3). Let f be i/1*(-1 - -4). Let y(j) = -j**3 + 2*j**2 + 5*j - 4. Determine y(f).
2
Let x(p) = 2*p**2 - 5 + 21*p - 3 + 11*p**2 + p**3 - 5. Give x(-11).
-2
Let w(k) = -6 + 44*k**3 - 24*k**3 - 19*k**3 + k - 5*k**2. Suppose -5*n + f + 29 = 3*f, 2*n - 4 = 3*f. Calculate w(n).
-1
Let u(g) be the second derivative of -1/2*g**2 + 1/6*g**3 + 1/4*g**4 + 6*g + 0. Suppose s - 3*s + 2 = 0. Calculate u(s).
3
Let u(m) = -4*m**3 - 9*m**2 - m - 7. Let g(q) = 6 - 2 - q - 2*q**2 - 5*q**3 - 12 - 7*q**2. Let i(r) = -3*g(r) + 4*u(r). Give i(-9).
5
Let o(t) = 16*t - 2*t**2 - 5 + 3 + 2*t**2 + t**2 + 20. Determine o(-14).
-10
Let f(h) = -5 + 1 - h - 8*h + 4*h. Give f(6).
-34
Suppose 2*q + 1 = 7. Let i be q/(-7) - (-120)/35. Let s(x) = -x**3 + 5*x - i*x + 4*x**2 - x**2 + 0*x - 3. What is s(2)?
5
Let z(l) be the second derivative of l**8/6720 - l**7/630 + l**6/360 - l**5/20 - 13*l**4/6 - 13*l. Let v(f) be the third derivative of z(f). Calculate v(4).
2
Suppose 2 = 2*u + 52. Let l be (-2)/(5/u*-5). Let s(v) = -5*v**2 + 2*v + 